?
-1101101011010
Convert 10451 (base 6) to base 2.
10110111111
Convert 17018 (base 9) to base 12.
6915
Convert -31004 (base 5) to base 6.
-13140
-3331132 (base 4) to base 7
-65203
13323 (base 6) to base 11
160a
Convert -2032 (base 8) to base 4.
-100122
What is 1012220 (base 4) in base 15?
1515
-dd6 (base 16) to base 2
-110111010110
Convert 1001011111 (base 2) to base 5.
4412
Convert 1697 (base 11) to base 4.
201303
What is 1010101101101 (base 2) in base 7?
21664
What is -321060 (base 7) in base 14?
-163a0
4c9c (base 13) to base 4
2223001
c303 (base 15) to base 5
2304203
Convert 22212220 (base 3) to base 7.
24612
What is 31763 (base 8) in base 11?
9aa0
Convert -102a (base 11) to base 7.
-3655
What is -1104 (base 6) in base 15?
-121
Convert -100101110000101 (base 2) to base 9.
-28461
What is -9199 (base 16) in base 8?
-110631
-3331 (base 15) to base 3
-112212201
Convert -222031 (base 4) to base 5.
-41301
Convert 1024 (base 10) to base 8.
2000
Convert 100001010101110 (base 2) to base 13.
7a01
What is -7b (base 12) in base 3?
-10112
133210 (base 5) to base 12
3186
Convert -11426 (base 8) to base 14.
-1ad0
836 (base 9) to base 11
56a
Convert 847 (base 14) to base 12.
b3b
What is -6336 (base 8) in base 7?
-12414
22b2 (base 12) to base 2
111100100110
e39 (base 15) to base 9
4350
What is 702 (base 9) in base 2?
1000111001
-5052 (base 8) to base 6
-20014
What is -72 (base 11) in base 16?
-4f
What is -2674a (base 11) in base 4?
-21110121
What is -30 (base 15) in base 16?
-2d
Convert 311133 (base 4) to base 7.
12660
What is 675 (base 16) in base 14?
861
1d12 (base 15) to base 16
18ad
-121 (base 12) to base 10
-169
Convert -21122120 (base 4) to base 8.
-113230
Convert -229 (base 14) to base 11.
-360
Convert -100101011111 (base 2) to base 4.
-211133
-72 (base 8) to base 5
-213
Convert -602 (base 12) to base 8.
-1542
What is 423 (base 13) in base 4?
23001
Convert 103232 (base 5) to base 13.
1815
Convert 5c96 (base 16) to base 9.
35455
Convert 333 (base 5) to base 14.
69
What is -2379 (base 10) in base 11?
-1873
Convert 1b4 (base 15) to base 2.
110001010
-1580 (base 11) to base 16
-7e8
What is -482 (base 12) in base 3?
-220222
Convert -1b4c8 (base 14) to base 11.
-48297
-20743 (base 9) to base 4
-3112200
Convert 8ab4 (base 13) to base 4.
10233111
Convert 15013 (base 7) to base 8.
10036
What is -1320202 (base 5) in base 9?
-40064
11011001 (base 2) to base 4
3121
Convert 4112 (base 5) to base 7.
1360
-111122200 (base 3) to base 7
-41010
What is bb3 (base 14) in base 12?
1409
What is 1222102 (base 4) in base 14?
269c
400 (base 14) to base 4
30100
3dc (base 14) to base 6
3342
433d (base 15) to base 11
a76a
Convert 191b (base 12) to base 9.
4155
2533 (base 8) to base 2
10101011011
10100110010 (base 2) to base 16
532
What is -243323 (base 6) in base 7?
-116463
Convert -240 (base 13) to base 14.
-1dc
What is -23759 (base 11) in base 16?
-858a
Convert -120a9 (base 15) to base 4.
-32002332
What is 27454 (base 8) in base 11?
9089
What is -8b15 (base 15) in base 12?
-1509b
Convert -4012 (base 7) to base 11.
-1046
1001011111100 (base 2) to base 15
1690
What is -11100010010 (base 2) in base 9?
-2431
Convert -10101111110 (base 2) to base 10.
-1406
-798 (base 14) to base 10
-1506
What is -1211102 (base 3) in base 8?
-2466
255065 (base 7) to base 4
23210111
Convert c5ac (base 15) to base 9.
63280
What is 1451 (base 6) in base 13?
241
What is 321251 (base 6) in base 9?
38884
What is -11211000 (base 3) in base 16?
-db6
-2057 (base 8) to base 3
-1110200
226 (base 8) to base 12
106
-100112102 (base 3) to base 7
-26156
Convert -326 (base 14) to base 3.
-212001
What is 204404 (base 6) in base 5?
1012224
Convert -9a1 (base 13) to base 6.
-11352
What is -655 (base 7) in base 2?
-101001110
What is -21226 (base 10) in base 2?
-101001011101010
Convert -33102 (base 6) to base 10.
-4574
What is -4042 (base 5) in base 8?
-1012
Convert 1200 (base 7) to base 11.
371
What is 141 (base 9) in base 15?
7d
Convert 13200 (base 5) to base 8.
2032
ad5c (base 15) to base 11
25690
What is 112002 (base 8) in base 12?
19b16
2311 (base 5) to base 6
1311
-20402 (base 5) to base 16
-548
9801 (base 10) to base 9
14400
-46074 (base 8) to base 6
-230204
Convert -53021 (base 7) to base 6.
-140225
What is 100300 (base 4) in base 10?
1072
What is -7881 (base 9) in base 16?
-16c0
What is 154462 (base 7) in base 6?
352504
Convert 667 (base 11) to base 7.
2221
What is -2074 (base 9) in base 5?
-22100
-a06b (base 14) to base 10
-27535
What is -10121220 (base 3) in base 8?
-5123
6a31 (base 11) to base 5
243410
Convert -103322 (base 4) to base 3.
-1202012
440231 (base 5) to base 9
22600
730 (base 11) to base 15
3da
-2244 (base 7) to base 13
-4aa
21010 (base 4) to base 11
488
-47764 (base 8) to base 6
-234432
What is -102047 (base 8) in base 14?
-c487
Convert -43344 (base 5) to base 9.
-4064
-121332 (base 4) to base 9
-2246
What is -1359 (base 12) in base 2?
-100010110101
What is 1775 (base 10) in base 15?
7d5
Convert -22431 (base 5) to base 12.
-b28
Convert -1001001100111 (base 2) to base 10.
-4711
-10aa (base 14) to base 12
-1812
What is 1fff (base 16) in base 2?
1111111111111
-165f (base 16) to base 6
-42303
Convert -5051 (base 10) to base 13.
-23b7
10112011 (base 3) to base 11
1a26
What is -1134 (base 10) in base 4?
-101232
What is -3a66 (base 13) in base 11?
-6315
What is 1012103 (base 4) in base 9?
6148
Convert -1ba9 (base 12) to base 5.
-102231
-18228 (base 13) to base 2
-1011010110101101
-3342 (base 6) to base 4
-30032
What is -455 (base 11) in base 15?
-264
Convert 30455 (base 6) to base 9.
5518
Convert -3401 (base 5) to base 14.
-260
-1001230 (base 4) to base 7
-15154
Convert 5a5 (base 14) to base 5.
14000
What is -47426 (base 8) in base 6?
-233422
Convert -214404 (base 6) to base 16.
-45c4
Convert 205316 (base 7) to base 2.
1000101010100001
Convert -397 (base 15) to base 6.
-3441
What is 68 (base 15) in base 7?
200
Convert -c04 (base 13) to base 14.
-a52
What is 2566 (base 8) in base 14?
71c
What is 62170 (base 8) in base 10?
25720
What is -168 (base 10) in base 5?
-1133
What is -32312222 (base 4) in base 9?
-102412
4424 (base 7) to base 10
1586
Convert 21835 (base 9) to base 12.
84ab
What is -1180 (base 10) in base 8?
-2234
108c (base 14) to base 4
230310
What is 582 (base 16) in base 12?
996
What is -c85 (base 14) in base 5?
-34334
-2626 (base 9) to base 12
-1180
What is -2c5 (base 13) in base 3?
-200111
1021002 (base 3) to base 15
415
What is -120201 (base 3) in base 10?
-424
Convert 202333 (base 4) to base 11.
1756
Convert 1100011000 (base 2) to base 6.
3400
What is -266 (base 13) in base 7?
-1142
-80ca (base 13) to base 10
-17742
Convert 1777 (base 11) to base 5.
33022
What is 74751 (base 8) in base 11?
214a2
1520130 (base 6) to base 4
111201312
Convert -12705 (base 12) to base 2.
-110001001110101
18756 (base 12) to base 8
105462
-906 (base 15) to base 16
-7ef
What is 4b02 (base 13) in base 2?
10100110011001
Convert 1010000121 (base 3) to base 14.
7d94
Convert -11200010111 (base 3) to base 13.
-32b0c
-111110101001110 (base 2) to base 9
-48002
Convert -4020 (base 5) to base 7.
-1326
Convert 130440 (base 5) to base 12.
2b68
1b34 (base 14) to base 5
124241
-10001011011 (base 2) to base 9
-1468
Convert -1003312 (base 5) to base 4.
-3323102
What is 848 (base 12) in base 13?
71c
Convert -15b (base 13) to base 11.
-203
1101111 (base 3) to base 12
704
-112613 (base 8) to base 11
-26843
Convert 13623 (base 7) to base 15.
1196
Convert 33323232 (base 4) to base 14.
19ad8
-46a (base 12) to base 3
-220101
Convert -111 (base 9) to base 16.
-5b
-5663 (base 12) to base 5
-301304
-cd8 (base 16) to base 5
-101123
What is cb02 (base 15) in base 8?
123741
What is -34028 (base 9) in base 3?
-1011000222
100011100100 (base 2) to base 13
1061
2133 (base 13) to base 3
20022120
121101 (base 3) to base 6
2014
Convert -346 (base 14) to base 3.
-220002
Convert 24012 (base 6) to base 4.
312020
Convert 32652 (base 7) to base 8.
20034
e6 (base 15) to base 12
160
What is 1013324 (base 5) in base 14?
613c
What is 5d48 (base 15) in base 14?
7352
Convert 56aa (base 15) to base 11.
128a4
Convert 154022 (base 7) to base 6.
351452
Convert -1455 (base 8) to base 7.
-2241
Convert -890a (base 16) to base 15.
-a5dc
Convert 1092 (base 16) 